8?
2, 17, 5440007
What are the prime factors of 23050154?
2, 19, 107, 5669
List the prime factors of 107072743.
107072743
List the prime factors of 22849435.
5, 7, 93263
What are the prime factors of 617749383?
3, 17, 1289, 9397
What are the prime factors of 223606191?
3, 257, 290021
What are the prime factors of 5298978666?
2, 3, 19, 43, 1080983
What are the prime factors of 13199380?
2, 5, 37, 17837
What are the prime factors of 787633591?
29, 479, 56701
What are the prime factors of 3313220671?
641, 1433, 3607
List the prime factors of 246976477.
11, 43, 12143
List the prime factors of 8267375.
5, 19, 59
What are the prime factors of 93370505?
5, 193, 96757
List the prime factors of 3369650405.
5, 11, 647, 94693
What are the prime factors of 1556827164?
2, 3, 43245199
List the prime factors of 1408549241.
11, 67, 317, 6029
List the prime factors of 34250848.
2, 1070339
List the prime factors of 69039595.
5, 37, 373187
List the prime factors of 3314884391.
7, 13, 131, 278071
List the prime factors of 37916202.
2, 3, 1009, 6263
List the prime factors of 781652099.
73, 1327, 8069
List the prime factors of 179122590.
2, 3, 5, 24571
List the prime factors of 64559806.
2, 59, 101, 5417
What are the prime factors of 842017401?
3, 251, 372739
List the prime factors of 23432248.
2, 7, 37, 43, 263
List the prime factors of 4359796615.
5, 871959323
List the prime factors of 29294891.
193, 151787
What are the prime factors of 4216453?
521, 8093
List the prime factors of 12147727.
12147727
List the prime factors of 14754644.
2, 3688661
What are the prime factors of 158599362?
2, 3, 73, 362099
What are the prime factors of 5335682982?
2, 3, 7, 127040071
What are the prime factors of 1278569456?
2, 17, 31, 53, 2861
List the prime factors of 454314340.
2, 5, 22715717
What are the prime factors of 16641513?
3, 7, 31, 8521
What are the prime factors of 173889865?
5, 34777973
List the prime factors of 151769534.
2, 7, 10840681
What are the prime factors of 1306358335?
5, 167, 1564501
What are the prime factors of 4614228702?
2, 3, 256346039
What are the prime factors of 6108702110?
2, 5, 7, 12466739
List the prime factors of 66183240.
2, 3, 5, 467, 1181
What are the prime factors of 1502874735?
3, 5, 100191649
What are the prime factors of 15625035?
3, 5, 115741
What are the prime factors of 1355671314?
2, 3, 41, 283, 6491
What are the prime factors of 6318946330?
2, 5, 10837, 58309
List the prime factors of 2226699506.
2, 23, 5881, 8231
List the prime factors of 659084396.
2, 164771099
What are the prime factors of 353761447?
13, 79, 26497
What are the prime factors of 1330103?
1330103
What are the prime factors of 276046508?
2, 69011627
List the prime factors of 1269952077.
3, 19, 107, 208223
What are the prime factors of 23971653?
3, 887839
List the prime factors of 1391245056.
2, 3, 19, 61, 521
List the prime factors of 29264697.
3, 7, 11, 349
What are the prime factors of 290337341?
7, 113, 283, 1297
List the prime factors of 33498184.
2, 1069, 3917
List the prime factors of 885961016.
2, 443, 249989
List the prime factors of 10136912.
2, 227, 2791
List the prime factors of 175422676.
2, 11, 13, 31, 761
List the prime factors of 16411992.
2, 3, 683833
What are the prime factors of 517647758?
2, 109, 2374531
What are the prime factors of 1621254?
2, 3, 270209
List the prime factors of 3843010148.
2, 19, 2087, 24229
List the prime factors of 1245133680.
2, 3, 5, 7, 373, 1987
List the prime factors of 67898328.
2, 3, 2829097
List the prime factors of 2820097270.
2, 5, 167, 1688681
List the prime factors of 2423040967.
2423040967
What are the prime factors of 29428433?
59, 498787
List the prime factors of 560568401.
571, 981731
List the prime factors of 474402534.
2, 3, 79067089
List the prime factors of 253119512.
2, 31639939
List the prime factors of 2214027516.
2, 3, 19, 43, 225829
List the prime factors of 1563181021.
43, 2963, 12269
What are the prime factors of 84710039?
2531, 33469
List the prime factors of 3168880596.
2, 3, 7, 4191641
What are the prime factors of 683995246?
2, 11, 37, 840289
What are the prime factors of 1431303021?
3, 6679, 7937
List the prime factors of 14158853.
509, 27817
List the prime factors of 2163364028.
2, 7, 3319, 23279
List the prime factors of 431614690.
2, 5, 13, 73, 45481
List the prime factors of 2787935101.
7, 11239, 35437
What are the prime factors of 294697000?
2, 5, 13, 22669
List the prime factors of 168627996.
2, 3, 23, 203657
List the prime factors of 50898366.
2, 3, 2827687
List the prime factors of 55565422.
2, 11, 2525701
List the prime factors of 322381221.
3, 3373, 31859
What are the prime factors of 1952879459?
29, 67340671
What are the prime factors of 42209482?
2, 7, 430709
List the prime factors of 32356970.
2, 5, 3235697
What are the prime factors of 77052094?
2, 7, 5503721
What are the prime factors of 439829777?
139, 3164243
List the prime factors of 262658702.
2, 829, 158419
What are the prime factors of 1229336845?
5, 11, 22351579
List the prime factors of 178593641.
79, 167, 13537
What are the prime factors of 1107588449?
11, 5851, 17209
List the prime factors of 670833718.
2, 41, 101, 107, 757
What are the prime factors of 81560854?
2, 1657, 24611
List the prime factors of 55052526.
2, 3, 9175421
What are the prime factors of 3368626504?
2, 89, 1019, 4643
List the prime factors of 550973614.
2, 251, 1097557
What are the prime factors of 923847921?
3, 109, 941741
List the prime factors of 12207223.
7, 249127
List the prime factors of 138305651.
11, 263, 47807
List the prime factors of 92234615.
5, 11, 1676993
What are the prime factors of 7082634232?
2, 31, 43, 59, 11257
List the prime factors of 274140474.
2, 3, 19, 37, 103, 631
What are the prime factors of 1305268138?
2, 67, 643, 15149
What are the prime factors of 197685399?
3, 4943, 13331
What are the prime factors of 3121816019?
7, 73, 872747
List the prime factors of 488986048.
2, 269, 28403
What are the prime factors of 933042332?
2, 3169, 73607
List the prime factors of 151399930.
2, 5, 11, 37, 37199
What are the prime factors of 8537352154?
2, 733, 5823569
What are the prime factors of 78004171?
7, 29, 384257
List the prime factors of 290805592.
2, 7, 11, 6131
What are the prime factors of 3252381966?
2, 3, 180687887
List the prime factors of 204265747.
7, 457, 63853
List the prime factors of 3002275460.
2, 5, 29, 37, 139901
What are the prime factors of 73174814?
2, 19, 1925653
What are the prime factors of 70354266?
2, 3, 11725711
List the prime factors of 3703020903.
3, 17, 19, 41, 31069
What are the prime factors of 1106222598?
2, 3, 13, 19, 248813
List the prime factors of 8212843.
359, 22877
What are the prime factors of 300033074?
2, 11, 37, 151, 2441
What are the prime factors of 294770362?
2, 147385181
List the prime factors of 369602111.
23, 61, 263437
List the prime factors of 1937031634.
2, 41, 1249, 18913
What are the prime factors of 65761561?
65761561
List the prime factors of 373236979.
61, 239, 25601
What are the prime factors of 24509822?
2, 12254911
What are the prime factors of 165323764?
2, 41330941
List the prime factors of 1545358163.
1567, 986189
List the prime factors of 2590145.
5, 23, 101, 223
List the prime factors of 174704332.
2, 11, 233, 17041
What are the prime factors of 750176682?
2, 3, 47, 379, 7019
What are the prime factors of 97276715?
5, 3491, 5573
What are the prime factors of 1403838733?
11, 17, 251, 2719
What are the prime factors of 4778287356?
2, 3, 131, 3039623
List the prime factors of 35916902.
2, 7, 41, 1277
What are the prime factors of 73290137?
73290137
What are the prime factors of 1273871640?
2, 3, 5, 41, 258917
List the prime factors of 1814611832.
2, 11, 1874599
What are the prime factors of 18845763?
3, 23, 273127
What are the prime factors of 36116527?
36116527
What are the prime factors of 250500961?
59, 4245779
List the prime factors of 147901573.
2677, 55249
What are the prime factors of 1225106577?
3, 31, 4391063
List the prime factors of 1876554710.
2, 5, 6841, 27431
What are the prime factors of 273386781?
3, 30376309
List the prime factors of 84597890.
2, 5, 13, 293, 2221
What are the prime factors of 82110825?
3, 5, 364937
What are the prime factors of 391669187?
7, 